13. Is d prime?
False
Let d be (63/(-15) + 3)/((-9)/60). Let x be d/2 + (63821 + 3)/8. Suppose 0*b = 2*b - x. Is b composite?
True
Let v = 1583 - 321. Is (-8)/2 + v + 1 a composite number?
False
Suppose -4*w - q = -58771, -15*w + 5*q - 14688 = -16*w. Suppose 3*j - j - 4 = 0, 0 = 5*z - j - w. Is z composite?
False
Suppose 3533 = 4*t - 5*y, -3*t = -7*t + 2*y + 3518. Let n = 1232 - t. Is n prime?
False
Let c = -26244 - -78881. Is c a composite number?
True
Let d = 9 + -7. Suppose -5*c = -d*f - 1, 2*c - 8 = -5*f + 4*c. Suppose 1004 = 4*p + 3*y, -f*p - 2*y = 2*p - 1004. Is p a composite number?
False
Suppose 0 = -43*y + 40*y + 60888 + 23355. Is y composite?
False
Suppose -14*b - 37573 = -2*b - 447961. Is b a composite number?
True
Let z(p) = -209985*p + 2102. Is z(-5) composite?
False
Let f(h) = -2*h**2 + h + 1174. Suppose 4*j + 0*j = 3*j. Let m be f(j). Suppose 0 = -10*t + 8*t + m. Is t prime?
True
Let t = 131309 + -85582. Is t a composite number?
True
Let k be 668/1*3/6. Suppose -y + k = m - 361, -4*y = -8. Suppose 3*c - m = 186. Is c composite?
False
Let y = 21 + -12. Let t = -7 + y. Suppose -978 = -4*s - t*s. Is s composite?
False
Let q(p) = 28991*p - 655. Is q(6) prime?
True
Let r(k) = k**3 + k**2 + 96*k - 22. Is r(7) a prime number?
False
Suppose 0 = -4*o - 2*s + 138, s = o - s - 27. Suppose -12*m + m + o = 0. Is -1*m*(-9549)/27 prime?
True
Let z = 164 + 7. Is z/57 + (0 - -1744) composite?
False
Suppose 32 = 3*c + 4*i, -5*c + 40 = -0*i + 4*i. Let b be 0/(2/c*-4). Suppose 4*x - 20 = b, -1404 = -2*s - s + 3*x. Is s composite?
True
Is (119653/2)/(-10*(-24)/3360) composite?
True
Let k(v) = 9980*v - 685. Is k(30) composite?
True
Let n be ((-24668)/21)/(6/207). Let r = -23953 - n. Is r a composite number?
False
Suppose 11*b - 8 = -2*a + 13*b, 2*a + 4*b - 26 = 0. Suppose -4*w + a - 11 = 0, -5*y - 3*w = -14092. Is y a composite number?
False
Let d(s) = 2*s + 12*s**2 + 11*s - s**2 + 38 + 10*s + 4*s. Is d(-25) a composite number?
True
Let c(a) = -741*a - 1777. Is c(-58) composite?
False
Suppose 0 = 12*r - 14*r - 12. Is (135560/16)/(r/(-12)) prime?
False
Let w(x) = 4533*x**2 + 11*x + 9. Is w(-5) a composite number?
False
Let a(s) = -93*s**2 - 8*s - 6. Let p be a(-7). Suppose -13*m - 33*m = 136344. Let h = m - p. Is h a prime number?
True
Is (-8 - 6484266/81)*3/(-2) a prime number?
True
Suppose 0 = -3*s - 5 + 11. Suppose -s*r = -o + 540, -520 = -2*o - 4*r + 520. Suppose 3*d = -i + o, -2*d - 435 = 3*i - 2004. Is i a prime number?
True
Is (3/9)/(45/290115) prime?
False
Let c = 9064 + -19568. Let w be 18/30 + c/(-10). Suppose -508 = -p + w. Is p prime?
True
Let p(y) = -29*y**3 + 6*y**2 + 10*y - 6. Let a(v) = -2*v**2 - 7*v - 8. Let x be a(-3). Is p(x) prime?
True
Let i(d) = -d**2 - 8*d - 6. Let l be i(-1). Is 8*l/10 - 32942/(-10) prime?
False
Let v(z) = -91*z + 26 - 523*z - 54*z - 1. Is v(-7) prime?
False
Let t(x) = 94*x**2 + 85*x**2 - 3*x + 3 + 26*x**2. Is t(-5) a composite number?
True
Suppose -5*v + 53 = 18. Let s be (-2 + v + -3)*-1. Is 10/(-20) + (-155)/s prime?
False
Let b(h) = 35*h**2 - 8*h - 117. Suppose -24 + 129 = -15*u. Is b(u) prime?
False
Let i be 1/1*(13 + 10100). Suppose -3*g = -i - 15282. Is g a prime number?
False
Is (-3642038)/(-12) - 18*29/3132 a prime number?
False
Let i(o) = 472*o**2 - 5*o + 9. Let d be i(2). Suppose d = u - 1716. Is u a composite number?
True
Let j(l) = l**3 - 20*l**2 + 43*l + 12. Let z be j(18). Suppose -20991 = -141*n + z*n. Is n a composite number?
False
Is 7 - -4 - (-158689 - -1) composite?
False
Let w be 6/(-10) - (-26)/10. Suppose -5*y - 41446 - 11028 = -w*u, y + 131139 = 5*u. Suppose -4*h = -3*k + u, -4*k - 2*h = -0*k - 34962. Is k a composite number?
False
Let s be 0 + 2 + -4 - -97. Suppose 0 = 11*r - s + 18. Suppose 4*o + 993 = r*o. Is o a prime number?
True
Let l = -11807 + 129304. Is l a prime number?
True
Let k = 121 + -133. Let m be k/(-7)*56/12. Suppose m*a - 71382 = -1726. Is a prime?
True
Let f(t) = 2*t**3 - 13*t**2 + 19*t + 12. Let i be f(-13). Is -5 - (6 - 8) - i*2 composite?
False
Suppose -3*g - 33 + 6 = 0. Let j(p) = -2*p**3 - 18*p**2 - 2*p - 6. Let m be j(g). Is 66/m*(74*3)/3 composite?
True
Let m = 9402 - 165. Suppose -3*u = -3*v - m, 3*u - 4*v + 6*v - 9217 = 0. Let l = u + 186. Is l a prime number?
False
Let y(f) = -718*f - 5. Let l be y(-1). Let i = l + -268. Let g = i - -672. Is g a composite number?
False
Let m(s) be the second derivative of -47*s**7/840 - s**6/60 - s**5/24 + s**4/24 - s**3/6 - 21*s. Let a(j) be the second derivative of m(j). Is a(-4) prime?
False
Suppose -2*n = -5*o + 82944, -5*n + 0*n = -15. Let i = 27679 - o. Is i a composite number?
True
Let x(n) = -6*n - 98. Let z be x(-17). Suppose 0 = k, -z*k - 5900 = -2*u + 2078. Is u a prime number?
True
Let y(v) = 13*v**3 - v**2. Let b be y(1). Is ((b + 2290)/(-2))/(0 + -1) prime?
True
Is (-4421467)/7*(29 - 36) a prime number?
True
Is (-18 - -3 - (-285430)/20)/((-2)/(-20)) prime?
False
Suppose 66*v = -89*v - 137*v + 18697052. Is v composite?
True
Let a(i) = 47*i**2 - 5 - 2*i**2 + 396*i**2 + 9*i + 118*i**2. Is a(3) composite?
True
Let n = -194 + 121. Let g(v) = 131*v**2 + 1. Let o be g(-1). Let p = o + n. Is p prime?
True
Let n(c) = -2*c**2 + 2*c. Let o be n(2). Let p = -695 + 719. Is (4912/p)/(o/(-6)) a prime number?
True
Suppose -4*p - 49 = 3*p. Let g(h) = -9*h**3 - 11*h**2 - 16*h + 16. Let z be g(p). Let m = 259 + z. Is m a prime number?
False
Suppose -138*c + 12*c + 12*c = -19569126. Is c a composite number?
False
Suppose -2*s = m + 1049, 0 = 2*s - m + 4*m + 1039. Let r = -120 - s. Is r a prime number?
False
Suppose -3*z - 2*j + 45288 = -7*j, -3*z - j = -45306. Is z a prime number?
True
Suppose 5*n - 2*i = -39 + 69, 0 = -i. Let l = 3623 + -1792. Suppose n*x - l = 14615. Is x a prime number?
True
Let h(l) = -2*l**3 + 10*l**2 + 26*l - 17. Let a(q) = 9*q - 63. Let g be a(6). Is h(g) a composite number?
False
Is ((-14162)/(-10))/(-3 + 96/30) a prime number?
False
Let r(a) = 3513*a**2 + 39*a - 53. Is r(-4) composite?
True
Suppose 10*s = -84163 + 727893. Is s prime?
True
Let c(o) = -o**3 + 41*o**2 + 41*o - 43. Is c(18) a composite number?
False
Is (9 - 2) + (11257 - 51) prime?
True
Suppose -3*j + 34 = 2*y, -4*j + 4*y + 0 = -12. Let r(i) = -i**2 - 10*i - 20. Let v be r(-3). Is -2 - (j*-142 - v) a prime number?
False
Let l = -515927 + 767478. Is l a composite number?
True
Let w be 98/6 + ((-80)/(-30))/(-2). Suppose -w = -4*p + 4*x + 49, 0 = 3*p + 5*x - 72. Is p a prime number?
True
Suppose -5*m - 2*a = -a + 6, -a - 5 = 4*m. Is (m - -2)*(-1 - -2102) a composite number?
True
Suppose -3*z + m + 1194969 + 617202 = 0, 4*m = -4*z + 2416196. Is z a composite number?
True
Suppose 5*n = b + 217, -21*n + 22*n + 5*b - 33 = 0. Suppose 4385 = 3*f - 2*v, 0 = -n*f + 42*f + 2*v + 1455. Is f a composite number?
True
Let m(a) = -a + 1. Let o(y) = y**2 + 7*y - 21. Let w(r) = m(r) + o(r). Let i be w(-8). Is (-4)/10*(i + 7854/(-4)) a prime number?
True
Let w = 3149912 - 1742325. Is w composite?
False
Suppose -2 = 2*r, -16*w + 21*w - 4*r = 204. Suppose w*j = -5*j + 1038285. Is j prime?
False
Suppose -16*y = -17*y - 5, 0 = 3*g - 3*y - 24. Suppose 0 = g*l - l - 398. Is l a prime number?
True
Suppose 0 = 5*b - 2618 - 8132. Suppose 0*s + 3*m - 2148 = -3*s, 3*s + m - b = 0. Is s composite?
True
Suppose 3*s - 4396 = 4*d, 0*d - 2*d = 4*s - 5898. Let q = -634 + s. Is q composite?
True
Let w(c) = -c**2 - 12*c - 7. Let r be w(-11). Let n be (-2)/16 - (1 + 103467/(-24)). Suppose r*x + 4*a = 6*x - 2872, -n = -3*x + 4*a. Is x composite?
True
Let b be ((-12)/(-8))/(3/8). Suppose -2*i - 4*m + 7656 = 0, 0*m = -b*i - m + 15298. Suppose 4196 = 3*l - n, 4*l - n - i = 1771. Is l composite?
False
Let a = 8 - 2. Suppose 8*k - a = 18. Is k - (14/49 - 480/14) a prime number?
True
Suppose 6*m = k - 5*k + 395770, 0 = -4*m - 12. Is k composite?
False
Suppose -26 = -13*x + 8*x + 2*a, 0 = 3*x + 2*a + 10. Let f(s) = -15 - 20*s + 85*s + 45*s. Is f(x) prime?
False
Suppose 26*k - 28*k + 86 = 0. Let q(f) = 51*f + 27*f - 36*f + k. Is q(14) a composite number?
False
Let s(g) = -690*g**3 - 4*g**2 + 6*g - 9. Is s(-5) a prime number?
True
Suppose -x + 12469 = f, 0 = -f - 9*f + 5*x + 124690. Is f a prime number?
False
Suppose 5 + 18 = l. Let z(c) = 1875*c - 897*c - 893*c - 24. Is z(l) a prime nu